ivisor of 204 and 561.
51
What is the highest common factor of 4365 and 90?
45
Calculate the highest common factor of 820 and 80.
20
Calculate the greatest common factor of 833 and 476.
119
Calculate the greatest common divisor of 6745 and 285.
95
Calculate the greatest common factor of 5053 and 326.
163
What is the greatest common factor of 80 and 130?
10
Calculate the greatest common divisor of 948 and 72.
12
Calculate the greatest common factor of 13252 and 16.
4
What is the highest common factor of 300 and 960?
60
Calculate the highest common factor of 455 and 325.
65
What is the highest common divisor of 1650 and 66?
66
Calculate the highest common factor of 104 and 988.
52
What is the greatest common divisor of 1760 and 825?
55
Calculate the greatest common factor of 414 and 918.
18
What is the highest common factor of 88 and 88?
88
Calculate the highest common divisor of 20 and 20.
20
Calculate the greatest common factor of 77 and 275.
11
Calculate the highest common factor of 28 and 756.
28
Calculate the highest common factor of 75 and 3525.
75
What is the greatest common divisor of 64 and 1120?
32
Calculate the greatest common divisor of 70 and 80.
10
Calculate the highest common divisor of 49908 and 12.
12
What is the greatest common divisor of 1512 and 3591?
189
Calculate the highest common divisor of 120 and 1860.
60
Calculate the highest common divisor of 100 and 140.
20
Calculate the highest common factor of 4301 and 11.
11
What is the greatest common divisor of 13055 and 35?
35
Calculate the highest common divisor of 57 and 437.
19
Calculate the highest common divisor of 57 and 19.
19
Calculate the highest common divisor of 2 and 514.
2
What is the highest common divisor of 164 and 2501?
41
Calculate the highest common divisor of 120 and 920.
40
Calculate the greatest common factor of 630 and 70.
70
Calculate the highest common divisor of 1209 and 39.
39
What is the greatest common factor of 120 and 36?
12
What is the highest common factor of 159 and 53?
53
Calculate the greatest common factor of 12 and 876.
12
Calculate the greatest common divisor of 36 and 5031.
9
Calculate the greatest common factor of 35 and 95.
5
Calculate the highest common divisor of 23 and 65481.
23
What is the highest common factor of 34 and 524?
2
What is the highest common divisor of 3944 and 136?
136
What is the greatest common divisor of 10 and 55?
5
Calculate the highest common divisor of 459 and 81.
27
Calculate the greatest common divisor of 32 and 656.
16
What is the highest common divisor of 368 and 16?
16
Calculate the greatest common divisor of 5063 and 83.
83
Calculate the highest common factor of 44 and 319.
11
Calculate the greatest common factor of 66 and 1078.
22
What is the greatest common divisor of 4 and 62?
2
Calculate the highest common divisor of 70 and 1162.
14
Calculate the greatest common divisor of 5 and 295.
5
What is the greatest common divisor of 70 and 1890?
70
Calculate the greatest common divisor of 4858 and 14.
14
Calculate the highest common divisor of 196 and 147.
49
What is the greatest common divisor of 783 and 1595?
29
What is the greatest common factor of 476 and 170?
34
What is the highest common divisor of 79223 and 227?
227
What is the greatest common divisor of 6177 and 58?
29
Calculate the greatest common factor of 343 and 147.
49
Calculate the highest common factor of 196 and 343.
49
Calculate the greatest common divisor of 44 and 6028.
44
Calculate the highest common factor of 11 and 72.
1
What is the greatest common factor of 9 and 153?
9
What is the highest common divisor of 9 and 333?
9
What is the greatest common divisor of 6180 and 60?
60
Calculate the greatest common factor of 117 and 2028.
39
What is the highest common factor of 308 and 756?
28
Calculate the highest common divisor of 20 and 135.
5
Calculate the highest common factor of 294 and 84.
42
Calculate the highest common factor of 155 and 62.
31
Calculate the greatest common divisor of 120 and 60.
60
Calculate the highest common factor of 56 and 7.
7
What is the greatest common divisor of 12862 and 236?
118
Calculate the highest common divisor of 377 and 91.
13
What is the greatest common factor of 700 and 550?
50
What is the highest common divisor of 12 and 10284?
12
Calculate the greatest common factor of 63 and 567.
63
What is the highest common divisor of 250 and 32250?
250
Calculate the greatest common divisor of 63 and 210.
21
What is the greatest common divisor of 869 and 158?
79
What is the highest common factor of 357 and 273?
21
What is the highest common divisor of 79 and 30731?
79
What is the greatest common divisor of 32 and 856?
8
Calculate the greatest common factor of 1161 and 172.
43
Calculate the greatest common divisor of 2 and 2.
2
Calculate the highest common factor of 4307 and 649.
59
Calculate the greatest common factor of 5172 and 84.
12
What is the highest common factor of 70 and 1435?
35
What is the greatest common factor of 10033 and 79?
79
Calculate the greatest common factor of 594 and 165.
33
Calculate the highest common factor of 1164 and 984.
12
Calculate the greatest common divisor of 60 and 2730.
30
What is the highest common factor of 750 and 276?
6
Calculate the greatest common divisor of 1 and 128.
1
Calculate the highest common factor of 819 and 12870.
117
Calculate the greatest common divisor of 22 and 2200.
22
What is the highest common factor of 77 and 588?
7
What is the highest common factor of 304 and 114?
38
Calculate the greatest common factor of 267 and 356.
89
Calculate the highest common factor of 351 and 13.
13
What is the highest common factor of 4411 and 33?
11
Calculate the greatest common factor of 11 and 26521.
11
Calculate the highest common divisor of 37 and 100973.
37
What is the highest common divisor of 2910 and 30?
30
Calculate the greatest common factor of 336 and 240.
48
Calculate the greatest common divisor of 372 and 775.
31
Calculate the greatest common factor of 33 and 1177.
11
Calculate the highest common divisor of 729 and 18.
9
What is the greatest common factor of 183 and 305?
61
Calculate the greatest common divisor of 1 and 47.
1
What is the highest common factor of 20 and 32?
4
What is the highest common divisor of 1442 and 14?
14
What is the highest common factor of 95 and 1577?
19
Calculate the greatest common divisor of 4 and 14228.
4
Calculate the greatest common divisor of 6 and 84.
6
Calculate the greatest common factor of 22 and 2794.
22
Calculate the highest common divisor of 1668 and 12.
12
What is the highest common divisor of 47 and 4559?
47
Calculate the greatest common divisor of 253 and 22.
11
Calculate the highest common factor of 576 and 72.
72
Calculate the highest common divisor of 63 and 273.
21
What is the highest common factor of 138 and 9?
3
What is the highest common divisor of 428 and 2?
2
Calculate the greatest common divisor of 4 and 104.
4
What is the greatest common divisor of 660 and 6960?
60
What is the greatest common factor of 36 and 1521?
9
What is the greatest common factor of 5727 and 83?
83
What is the greatest common factor of 9 and 1359?
9
Calculate the greatest common divisor of 703 and 19.
19
Calculate the greatest common factor of 114 and 38.
38
What is the greatest common divisor of 110 and 10?
10
What is the greatest common divisor of 1584 and 32?
16
What is the greatest common divisor of 957 and 33?
33
What is the greatest common divisor of 33 and 6?
3
Calculate the highest common factor of 48 and 11172.
12
What is the greatest common factor of 286 and 299?
13
Calculate the highest common divisor of 38 and 5282.
38
Calculate the highest common divisor of 18 and 36.
18
Calculate the greatest common divisor of 1887 and 3441.
111
What is the greatest common factor of 455 and 665?
35
What is the greatest common factor of 483 and 621?
69
What is the highest common divisor of 25 and 100?
25
Calculate the highest common factor of 1175 and 564.
47
What is the greatest common divisor of 3190 and 22?
22
What is the greatest common factor of 130 and 80470?
130
Calculate the highest common factor of 139 and 51013.
139
Calculate the greatest common factor of 9 and 135.
9
What is the greatest common factor of 672 and 96?
96
Calculate the